{"id":57,"date":"2018-01-02T09:45:46","date_gmt":"2018-01-02T09:45:46","guid":{"rendered":"http:\/\/musikgeragogin.ch\/?page_id=57"},"modified":"2019-01-24T13:49:59","modified_gmt":"2019-01-24T13:49:59","slug":"das-angebot","status":"publish","type":"page","link":"https:\/\/musikgeragogin.ch\/WordPress\/das-angebot\/","title":{"rendered":"Tischharfe"},"content":{"rendered":"\n<h1 class=\"wp-block-heading\">Mit der Tischharfe gemeinsam und ohne Vorkenntnisse musizieren<\/h1>\n\n\n\n<p>Die Tischharfe ist ein Instrument der Zither-Familie und eignet sich durch ihre einfache Spielweise besonders f\u00fcr Sp\u00e4teinsteigende \u2013 <strong>auch mit wenigen oder&nbsp; gar keinen Notenkenntnissen!<\/strong><br>Die speziell entwickelten Notenschablonen werden direkt unter die Saiten gelegt \u2013 sodass man ganz einfach am Lied entlang spielen kann. Die Noten werden begreifbar und der gezupfte Weg wird zur Musik! Die Zupfbewegung ist auch <strong>mit eingeschr\u00e4nkter Beweglichkeit der H\u00e4nde ausf\u00fchrbar.<\/strong><br>Durch ihre hervorragende Eignung als Gruppeninstrument verbindet <strong>die Tischharfe mit ihrer Musik die Menschen von Beginn an<\/strong> und stellt das&nbsp; gemeinsame Musizieren in verschiedenen Stilrichtungen in den Mittelpunkt.<\/p>\n","protected":false},"excerpt":{"rendered":"<p>Mit der Tischharfe gemeinsam und ohne Vorkenntnisse musizieren Die Tischharfe ist ein Instrument der Zither-Familie und eignet sich durch ihre einfache Spielweise besonders f\u00fcr Sp\u00e4teinsteigende \u2013 auch mit wenigen oder&nbsp; gar keinen Notenkenntnissen!Die speziell entwickelten Notenschablonen werden direkt unter die Saiten gelegt \u2013 sodass man ganz einfach am Lied entlang spielen kann. Die Noten werden &hellip; <\/p>\n<p class=\"link-more\"><a href=\"https:\/\/musikgeragogin.ch\/WordPress\/das-angebot\/\" class=\"more-link\"><span class=\"screen-reader-text\">\u201eTischharfe\u201c <\/span>weiterlesen<\/a><\/p>\n","protected":false},"author":1,"featured_media":43,"parent":0,"menu_order":0,"comment_status":"closed","ping_status":"closed","template":"","meta":{"footnotes":""},"class_list":["post-57","page","type-page","status-publish","has-post-thumbnail","hentry"],"_links":{"self":[{"href":"https:\/\/musikgeragogin.ch\/WordPress\/wp-json\/wp\/v2\/pages\/57","targetHints":{"allow":["GET"]}}],"collection":[{"href":"https:\/\/musikgeragogin.ch\/WordPress\/wp-json\/wp\/v2\/pages"}],"about":[{"href":"https:\/\/musikgeragogin.ch\/WordPress\/wp-json\/wp\/v2\/types\/page"}],"author":[{"embeddable":true,"href":"https:\/\/musikgeragogin.ch\/WordPress\/wp-json\/wp\/v2\/users\/1"}],"replies":[{"embeddable":true,"href":"https:\/\/musikgeragogin.ch\/WordPress\/wp-json\/wp\/v2\/comments?post=57"}],"version-history":[{"count":9,"href":"https:\/\/musikgeragogin.ch\/WordPress\/wp-json\/wp\/v2\/pages\/57\/revisions"}],"predecessor-version":[{"id":136,"href":"https:\/\/musikgeragogin.ch\/WordPress\/wp-json\/wp\/v2\/pages\/57\/revisions\/136"}],"wp:featuredmedia":[{"embeddable":true,"href":"https:\/\/musikgeragogin.ch\/WordPress\/wp-json\/wp\/v2\/media\/43"}],"wp:attachment":[{"href":"https:\/\/musikgeragogin.ch\/WordPress\/wp-json\/wp\/v2\/media?parent=57"}],"curies":[{"name":"wp","href":"https:\/\/api.w.org\/{rel}","templated":true}]}}